, 11, 982621
What are the prime factors of 361467577?
193, 1872889
List the prime factors of 19705059.
3, 11, 66347
List the prime factors of 72047792.
2, 853, 5279
What are the prime factors of 2888230311?
3, 106971493
List the prime factors of 65773015.
5, 7, 11, 29, 43, 137
What are the prime factors of 302087778?
2, 3, 2213, 22751
List the prime factors of 3363095.
5, 19, 35401
What are the prime factors of 97697349?
3, 47, 71, 3253
What are the prime factors of 1804695223?
3833, 470831
What are the prime factors of 424303015?
5, 84860603
List the prime factors of 874508931.
3, 43, 47, 48079
List the prime factors of 212749502.
2, 7, 131, 311, 373
What are the prime factors of 1484999469?
3, 599, 275459
What are the prime factors of 1770893?
1770893
What are the prime factors of 17698600?
2, 5, 88493
List the prime factors of 458686108.
2, 114671527
What are the prime factors of 32691749?
32691749
What are the prime factors of 2915692359?
3, 23, 2417, 17483
List the prime factors of 1368029993.
11, 43, 241, 1091
List the prime factors of 1193367035.
5, 7, 1031, 33071
What are the prime factors of 360405641?
37, 9740693
List the prime factors of 66901826.
2, 33450913
What are the prime factors of 220512265?
5, 44102453
What are the prime factors of 591202924?
2, 13, 11369287
What are the prime factors of 78848983?
101, 780683
List the prime factors of 251409235.
5, 7, 11, 19, 34369
What are the prime factors of 109997505?
3, 5, 607, 4027
What are the prime factors of 29181294?
2, 3, 173, 9371
List the prime factors of 343743347.
343743347
What are the prime factors of 314349234?
2, 3, 23, 71, 32083
What are the prime factors of 1194037343?
7057, 169199
List the prime factors of 64563971.
41, 139, 11329
What are the prime factors of 3556084?
2, 7, 89, 1427
What are the prime factors of 205123665?
3, 5, 13674911
List the prime factors of 882685946.
2, 2287, 192979
List the prime factors of 48715358.
2, 523, 46573
What are the prime factors of 1197506462?
2, 598753231
List the prime factors of 2475407550.
2, 3, 5, 7, 11, 107, 2003
What are the prime factors of 1122466338?
2, 3, 7, 8908463
What are the prime factors of 1964663178?
2, 3, 6917, 47339
List the prime factors of 3402613145.
5, 680522629
List the prime factors of 1298096536.
2, 11, 139, 106123
What are the prime factors of 459581754?
2, 3, 76596959
What are the prime factors of 229893144?
2, 3, 13, 239, 3083
What are the prime factors of 109011840?
2, 3, 5, 7, 8111
What are the prime factors of 1306947131?
7, 17, 10982749
List the prime factors of 186785413.
186785413
What are the prime factors of 628541608?
2, 23, 3415987
List the prime factors of 118594992.
2, 3, 17, 23, 71, 89
List the prime factors of 831535406.
2, 13, 3797, 8423
What are the prime factors of 63471755?
5, 593, 21407
What are the prime factors of 184305041?
17, 167, 64919
What are the prime factors of 100815523?
271, 372013
What are the prime factors of 102609959?
1877, 54667
List the prime factors of 2786514857.
7, 41, 9709111
What are the prime factors of 2940113847?
3, 11, 5477, 16267
List the prime factors of 194147345.
5, 7, 229, 24223
What are the prime factors of 710194934?
2, 31, 11454757
List the prime factors of 88750033.
88750033
What are the prime factors of 10257921?
3, 126641
What are the prime factors of 2945619042?
2, 3, 223, 743, 2963
List the prime factors of 50228779.
3727, 13477
List the prime factors of 1084336342.
2, 47, 1381, 8353
List the prime factors of 2116070734.
2, 107, 317, 31193
List the prime factors of 1304315902.
2, 53, 149, 269, 307
List the prime factors of 57457162.
2, 7, 4104083
List the prime factors of 163806761.
29, 1811, 3119
List the prime factors of 297169892.
2, 857, 86689
List the prime factors of 47727422.
2, 23863711
What are the prime factors of 85317263?
85317263
List the prime factors of 2082347.
17, 347, 353
What are the prime factors of 702756381?
3, 234252127
List the prime factors of 4275904415.
5, 855180883
List the prime factors of 72997656.
2, 3, 71, 42839
List the prime factors of 89094855.
3, 5, 53, 112069
List the prime factors of 65595710.
2, 5, 1291, 5081
What are the prime factors of 48891411?
3, 463, 3911
List the prime factors of 178459481.
4219, 42299
What are the prime factors of 363175568?
2, 7, 167, 19417
What are the prime factors of 1234355?
5, 173, 1427
List the prime factors of 61840609.
2357, 26237
What are the prime factors of 437583248?
2, 3533, 7741
What are the prime factors of 85797683?
1861, 46103
List the prime factors of 563004934.
2, 43, 163, 40163
List the prime factors of 778651500.
2, 3, 5, 11, 41, 1151
List the prime factors of 78689277.
3, 17, 514309
What are the prime factors of 219755789?
11, 701, 28499
What are the prime factors of 2763738444?
2, 3, 167, 1379111
List the prime factors of 1145318270.
2, 5, 114531827
What are the prime factors of 25682475?
3, 5, 7, 13, 53, 71
List the prime factors of 329328367.
131, 457, 5501
List the prime factors of 114023422.
2, 151, 377561
List the prime factors of 5992935678.
2, 3, 332940871
What are the prime factors of 123736476?
2, 3, 659, 15647
What are the prime factors of 38332280?
2, 5, 7, 17, 8053
What are the prime factors of 1209213933?
3, 191, 2110321
List the prime factors of 118444976.
2, 13, 569447
What are the prime factors of 433203450?
2, 3, 5, 29, 53, 1879
What are the prime factors of 316606579?
316606579
List the prime factors of 277131055.
5, 19, 151, 19319
List the prime factors of 459149485.
5, 43, 521, 4099
What are the prime factors of 20067102?
2, 3, 11, 11261
List the prime factors of 81859864.
2, 73, 140171
What are the prime factors of 18827408?
2, 1176713
What are the prime factors of 203195123?
203195123
List the prime factors of 652747772.
2, 6029, 27067
What are the prime factors of 96141164?
2, 7, 3433613
What are the prime factors of 135368681?
7, 37, 522659
List the prime factors of 33895318.
2, 16947659
What are the prime factors of 220201078?
2, 41, 107, 25097
List the prime factors of 355514953.
355514953
List the prime factors of 7478121.
3, 7, 356101
What are the prime factors of 40610999?
11, 13, 19, 14947
List the prime factors of 4674606030.
2, 3, 5, 353, 147139
List the prime factors of 33820558.
2, 16910279
What are the prime factors of 782136558?
2, 3, 7, 19, 326707
List the prime factors of 92628641.
7, 13232663
List the prime factors of 9624233.
9624233
List the prime factors of 31831537.
107, 521, 571
What are the prime factors of 13279216?
2, 29, 28619
What are the prime factors of 832726028?
2, 17, 12245971
What are the prime factors of 553259675?
5, 22130387
What are the prime factors of 27636601?
3881, 7121
List the prime factors of 465576074.
2, 23, 41, 10733
List the prime factors of 4830675452.
2, 37, 2129, 15331
What are the prime factors of 42640232?
2, 1163, 4583
List the prime factors of 23188545.
3, 5, 29, 5923
List the prime factors of 853182994.
2, 426591497
What are the prime factors of 706962?
2, 3, 17, 29, 239
What are the prime factors of 1029206312?
2, 79, 1628491
What are the prime factors of 824474864?
2, 163, 316133
List the prime factors of 5518107045.
3, 5, 11, 643, 5779
What are the prime factors of 388687922?
2, 7, 43, 645661
What are the prime factors of 5654870078?
2, 11, 13, 109, 181397
What are the prime factors of 1370964643?
17, 1319, 61141
List the prime factors of 166401760.
2, 5, 7, 148573
List the prime factors of 2896942922.
2, 109, 2557, 5197
What are the prime factors of 105339651?
3, 35113217
List the prime factors of 158187409.
107, 1478387
What are the prime factors of 229203564?
2, 3, 19100297
What are the prime factors of 11516385?
3, 5, 767759
What are the prime factors of 720136220?
2, 5, 83, 433817
List the prime factors of 265030590.
2, 3, 5, 11, 719, 1117
What are the prime factors of 353206237?
6779, 52103
List the prime factors of 494347210.
2, 5, 7, 257, 27479
What are the prime factors of 27384068?
2, 6846017
List the prime factors of 114044468.
2, 28511117
List the prime factors of 2316863158.
2, 4751, 243829
List the prime factors of 536801207.
43, 1597, 7817
What are the prime factors of 6827310311?
6827310311
List the prime factors of 276913460.
2, 5, 29, 157, 3041
What are th